o. What are the prime factors of s(x)?
7
What are the prime factors of 1 + 12/(-10) - 54684/(-20)?
2, 1367
Suppose -3*n + 82 = -n. Let a = n - -11. List the prime factors of a.
2, 13
Let n(w) = 3*w**2 + 7*w. Let b be n(-3). Suppose -d = -4*h - b - 25, h + 71 = 3*d. List the prime factors of d.
23
Suppose -64*p + 69*p - 160 = 0. Suppose 5*j - 5*g = 25, 2*g - 1 = 5. Let r = p - j. List the prime factors of r.
2, 3
Let t(w) = -w**2 + 4*w + 4. Let a be t(5). Let b be (a + -3)/((-8)/(-20)). List the prime factors of ((-26)/(-5))/(b/(-25)).
13
List the prime factors of (-27684)/(-12) - (4 - 0).
7, 47
Suppose -2*q + 1054 = 3*a + 101, 5*a = q - 496. Suppose 4*m - q = 5*i, 352 = 3*m - 0*m - 2*i. What are the prime factors of m?
2, 3, 19
Suppose 23*o - 27*o = -4*n + 12, 2*n - 5*o - 3 = 0. Let h = 48 - 27. Suppose -c = -n*c + h. List the prime factors of c.
7
Let f(v) = -v**2 - 3*v + 10. Let x be f(-5). Suppose -4*p + 840 = -0*p + 4*a, x = -5*p - 4*a + 1046. What are the prime factors of p?
2, 103
Suppose -4*i = b - 210, 214 = 4*i + 3*b - 0*b. Let m = i + 37. What are the prime factors of m?
89
Let r be ((-1 - 2) + 14)*2. Let g = r - 20. What are the prime factors of (192/(-16))/((-4)/g)?
2, 3
Let y = 203 - 136. Let h = -45 + y. List the prime factors of h.
2, 11
Suppose -3*y - 77*i + 78*i + 3823 = 0, -2*y + 4*i + 2552 = 0. What are the prime factors of y?
2, 7, 13
Suppose 2*v - 5*v = 3*c - 42, -83 = -4*c + 5*v. Let f = c + -10. Let h = f - -9. List the prime factors of h.
2
Suppose -3*c - 2*c + i + 6 = 0, -4*c + 4 = -i. Let r(u) = 208*u + 2. Let y be r(c). What are the prime factors of 8/40 - y/(-10)?
2, 3, 7
Let h = -1897 - -3129. What are the prime factors of h?
2, 7, 11
Let z(q) = 6*q**2 - 22*q - 136. What are the prime factors of z(-5)?
2, 31
Let q(p) = p**3 - 7*p**2 - 9*p + 9. Let m be q(8). Let u(c) = 1 - 31*c - 2 - m. List the prime factors of u(-1).
29
Let c(t) = -4*t**2 + 29*t - 7. Let p be c(7). Suppose -2*j + 4*r = j - 646, p = 2*j - 3*r - 431. List the prime factors of j.
2, 107
Let f(q) = -2*q - 2. Suppose 2*h - 3 = -1. Let b(w) = -9*w**3 + 2*w**2 - w. Let g be b(h). List the prime factors of f(g).
2, 7
Let q = -4 + 42. Suppose -4*p = 2*y - q - 238, 5*y = -4*p + 714. List the prime factors of y.
2, 73
Suppose t = 141 - 1. Suppose -45 = -4*b + 2*s + 99, 4*s = 4*b - t. Suppose z - 89 = -3*n - n, -b = -2*n + z. What are the prime factors of n?
3, 7
Let x(y) = -645*y + 21. List the prime factors of x(-1).
2, 3, 37
Let u = 1267 - 1070. List the prime factors of u.
197
Suppose -k - 1 = -5*c + 7, 0 = 5*c - 3*k - 14. What are the prime factors of -4 - (-68 + (0 - c))?
5, 13
Let n be 690/4*6*(-4)/(-18). Suppose -5*t = 4*h - n + 40, 0 = 5*h + t - 248. List the prime factors of h.
2, 5
Let k = 15 + 17. Suppose 29*c = k*c - 336. What are the prime factors of c?
2, 7
Suppose 5*d + 8*g - 3*g = 0, 0 = 2*g - 10. Let a = 0 - d. What are the prime factors of (18/a)/(12/30)?
3
Suppose 5*z - 4*x - 10607 + 2102 = 0, 2*z - 3402 = -4*x. What are the prime factors of z?
3, 7
Let l(n) = 81*n**2 + 3*n + 10. What are the prime factors of l(3)?
2, 11, 17
Suppose -6 = -5*u + 4, 2*g + 3*u = 14. Suppose -4 - 1 = -5*x, g*x + 55 = b. List the prime factors of b.
59
Let y = -407 + 833. What are the prime factors of y?
2, 3, 71
Let p = -24 - -24. Suppose -3*w + 240 = -p*w. List the prime factors of w.
2, 5
Let m = -227 + 349. What are the prime factors of m?
2, 61
Suppose -x + 3*f = 5, -x - 5*f - 1 = -5*x. Suppose 0 = 2*b + x, 165 - 57 = -2*z - 4*b. List the prime factors of 4/10 + (-1530)/z.
31
Let h(a) = a - 1. Let l be h(4). Suppose l*d = 4*d - 39. Let q = -17 + d. List the prime factors of q.
2, 11
Let i = 1066 - -1272. What are the prime factors of i/14 - 2/(2/1)?
2, 83
Let b = -93 - -103. What are the prime factors of 94/((3 - 3) + b/35)?
7, 47
Let c = 213 + -191. What are the prime factors of c?
2, 11
Let r be (1124*(-1)/(-2))/2. Suppose 3*s = -4*h + r - 63, 136 = 2*s - 2*h. List the prime factors of s.
2, 5, 7
What are the prime factors of 1036/(-6)*24/(-16)?
7, 37
What are the prime factors of -8 + (59 - -4) - (2 + 0)?
53
Let d(k) = 36*k + 110. List the prime factors of d(28).
2, 13, 43
Let l be ((-1)/2)/(2/(-16)*2). What are the prime factors of (24/(-16))/(l/4) + 248?
5, 7
Suppose 0*u = 7*u. What are the prime factors of (u - 9*-2) + 4?
2, 11
Let u(t) = -4*t - 10. Suppose -3*z + 3 = 0, 4*n + z - 3*z = 18. Let c be u(n). List the prime factors of 12/c - (-306)/15.
2, 5
Let d be ((-57)/(-9) + -7)/((-4)/606). Suppose 2*w - 295 + 65 = 3*q, -2*q + d = w. What are the prime factors of w?
109
Let m = -423 - -648. List the prime factors of m.
3, 5
Suppose -2070 = -5*s + 2*w, -w - 805 = -4*s + 851. What are the prime factors of s?
2, 3, 23
Let d(w) = 49*w**2 + 2*w + 1. Let v be d(2). Let i = -106 + v. List the prime factors of i.
5, 19
Let u(v) = v**2 + 2*v - 4. Let d be u(3). Let m = 34 - d. List the prime factors of m.
23
Let j = -15 + 2. Let q(o) be the second derivative of -o**5/20 - 13*o**4/12 - o**3/6 - o**2 + o. List the prime factors of q(j).
11
Let r be 3/((-45)/6)*-20. Let v(j) = -j + 11. Let q be v(0). Suppose -13*o + q*o = -r. What are the prime factors of o?
2
Let r be (-12)/2 + 4/1. Let v(p) = p**3 + 2*p**2 - 2*p + 1. Let l(c) = c**3 + 3*c**2 - 2*c + 2. Let j(b) = r*l(b) + 3*v(b). What are the prime factors of j(4)?
5, 11
What are the prime factors of (-13)/(-91) - 17658/(-21)?
29
Let r(w) = -w. Let u be r(-6). Suppose 3*b = -2*i + u*i + 383, -2*b + 263 = 5*i. Suppose b = 2*d + d. List the prime factors of d.
43
Let s(o) = -6*o**3 - 4. List the prime factors of s(-2).
2, 11
Let j(q) = -73*q - 111. What are the prime factors of j(-7)?
2, 5
Let d(r) = 6*r**2 + 10*r + 18. What are the prime factors of d(12)?
2, 3, 167
Let t = 927 - 727. List the prime factors of t.
2, 5
Let g(m) = -52*m + 4. Let w be g(-3). Suppose r - 3*r = -3*x + w, 2*x - 120 = -2*r. What are the prime factors of x?
2, 7
Let y = 59 - 52. Suppose 2*j - y*j = -35. What are the prime factors of j?
7
Suppose 5*i + 30 = 2*r, -r + 3*i + 6 = -9. Let s = -9 - -17. Suppose -w = -s - r. What are the prime factors of w?
23
Suppose -4*z + 288 = -1744. What are the prime factors of z?
2, 127
Let g(d) = 2*d + 1. Let j = 0 - -4. Let n be g(j). Suppose 2*z - 3*z + n = 0. List the prime factors of z.
3
Suppose 0 = w - 2*w + 5*h + 34, -2*h + 224 = 5*w. Let d = 89 - w. What are the prime factors of d?
3, 5
Let l = 36 - 33. Suppose -l*w + 87 = 2*s, 6*s - 58 = -2*w + s. List the prime factors of w.
29
Let d = -2 - -5. Suppose 12 = -3*r + 2*i - 0*i, -d*i = r - 7. What are the prime factors of 13*2/r*-2?
2, 13
Suppose -z + 2*l = -8, -11 - 9 = -2*z + 5*l. Let w be (z + -2 + 4)/(-2). List the prime factors of (w - -2)/(1/17).
17
Let t(a) be the second derivative of 3*a**4/4 - 4*a**3/3 - 2*a**2 - 9*a. What are the prime factors of t(4)?
2, 3
Let g(r) = -r + 8. List the prime factors of g(-14).
2, 11
Let q be (-30)/(-4)*2/(-3). Let g(z) = -z**3 + z**2 + 2*z. Let m be g(-2). Let n = m + q. What are the prime factors of n?
3
Suppose -w + 17 = 2*z, -4*w + 2*z + z = -101. Let t(h) = -h**3 - 5*h**2 + 6*h. Let k be t(-6). What are the prime factors of w - (k + (-3 - -6))?
2, 5
Let j = 874 + -1516. What are the prime factors of j/((-21)/7) + (0 - -2)?
2, 3
Let n(q) = -q - 48. Let p(r) = -r - 48. Let k(t) = -6*n(t) + 5*p(t). What are the prime factors of k(-21)?
3
Suppose -2*p - 3 = 3*x, -x + 0 - 6 = -p. Suppose -3 = 3*t, 0 = p*c + c - 2*t - 18. Suppose c*i - 67 = 49. What are the prime factors of i?
29
Let z be 1990/8 - (-9)/36. Let s = -175 + z. What are the prime factors of s?
2, 37
Let z(l) be the second derivative of -7*l**3/6 + 2*l**2 - l. Let b be z(-4). Let g = 15 + b. List the prime factors of g.
47
Let i(r) = -204*r + 2. Let h be (((-10)/(-5))/(-4))/((-1)/(-2)). List the prime factors of i(h).
2, 103
Let i = -73 - -79. Suppose i*w - 4*w - 650 = -4*s, 5*s + 2*w = 810. List the prime factors of s.
2, 5
Let b = 130 - 64. Suppose b = 5*o + 16. List the prime factors of o.
2, 5
Let r = -269 - -785. List the prime factors of r.
2, 3, 43
Suppose -6*d + 4*x - 176 = -3*d, -x - 255 = 5*d. Let q = d + 96. List the prime factors of q.
2, 11
Suppose 0 = 4*f + 410 - 522. List the prime factors of f.
2, 7
Let h(b) = 9*b - 28. L